{"id":1414,"date":"2023-03-08T10:30:40","date_gmt":"2023-03-08T16:30:40","guid":{"rendered":"https:\/\/chevroletriogrande.com\/blog\/?page_id=1414"},"modified":"2023-03-02T09:42:33","modified_gmt":"2023-03-02T15:42:33","slug":"el-talento-de-la-mujer-en-la-industria-automotriz","status":"publish","type":"page","link":"https:\/\/chevroletriogrande.com\/blog\/el-talento-de-la-mujer-en-la-industria-automotriz\/","title":{"rendered":"El talento de la mujer en la industria automotriz"},"content":{"rendered":"<p><span style=\"font-weight: 400;\">Los primeros autom\u00f3viles de la historia fueron todo, menos perfectos; casi al mismo tiempo que comenzaron a rodar tuvieron problemas y tuvo que nacer la mec\u00e1nica automotriz.<\/span><\/p>\n<p>&nbsp;<\/p>\n<p><span style=\"font-weight: 400;\">La curiosidad y creatividad de las mujeres han dejado huella en diferentes \u00e1reas, y el mundo de los autos es un claro ejemplo, por eso queremos dedicar la nota de hoy al talento de la mujer en la industria automotriz. As\u00ed que haremos un peque\u00f1o recorrido por la historia.<\/span><\/p>\n<p>&nbsp;<\/p>\n<p><span style=\"font-weight: 400;\">Sin duda, dos cabezas piensan mejor que una, y ese es el caso de <\/span><b>Bertha Benz<\/b><span style=\"font-weight: 400;\"> y su esposo, quien invent\u00f3 el Motorwagen, un veh\u00edculo de tres ruedas con motor, el cual no hab\u00eda sido probado por nadie, hasta que su esposa decidi\u00f3 jug\u00e1rsela y probarlo en un viaje de larga distancia. Durante el recorrido realiz\u00f3 una evaluaci\u00f3n del auto y se dio cuenta que los frenos ten\u00edan poca efectividad, e invent\u00f3 lo que podr\u00eda ser el principio de las pastillas de frenos.<\/span><\/p>\n<p>&nbsp;<\/p>\n<p><b>Florence Lawrence<\/b><span style=\"font-weight: 400;\">, invent\u00f3 el primer indicador de cambio de direcciones ya que la mayor\u00eda de los accidentes automovil\u00edsticos suced\u00edan por no saber hacia d\u00f3nde dar\u00edan vuelta los autos.\u00a0<\/span><\/p>\n<p>&nbsp;<\/p>\n<p><b>Denise McCluggage<\/b><span style=\"font-weight: 400;\">, es reconocida por ser piloto de carrera, adem\u00e1s, fue una de las primeras mujeres que ejerci\u00f3 como periodista deportiva.\u00a0<\/span><\/p>\n<p>&nbsp;<\/p>\n<p><span style=\"font-weight: 400;\">\u00bfTe acuerdas de todas las veces que te han salvado los limpiaparabrisas? Bueno, pues fue <\/span><b>Charlotte Bridgwood<\/b><span style=\"font-weight: 400;\"> quien los invent\u00f3 en 1917.<\/span><\/p>\n<p>&nbsp;<\/p>\n<p><span style=\"font-weight: 400;\">El Acura NSX ha sido para la marca japonesa uno de los proyectos m\u00e1s importantes de los \u00faltimos a\u00f1os y fue <\/span><b>Michelle Christensen<\/b><span style=\"font-weight: 400;\"> la elegida para liderar el proyecto en t\u00e9rminos de dise\u00f1o.<\/span><\/p>\n<p>&nbsp;<\/p>\n<p><b>Mayra Gonz\u00e1lez<\/b><span style=\"font-weight: 400;\">, fue la primera mujer mexicana en asumir la direcci\u00f3n de Nissan en M\u00e9xico, y ahora es la directora general de Ventas Globales en Jap\u00f3n. Desde el inicio de su carrera contribuy\u00f3 para que Nissan lograra el primer lugar en ventas de veh\u00edculos.<\/span><\/p>\n<p>&nbsp;<\/p>\n<p><span style=\"font-weight: 400;\">Sin duda alguna, el papel de la mujer en la industria automotriz ha sido de gran importancia para el desarrollo de autos m\u00e1s seguros, mejor equipados y con un dise\u00f1o m\u00e1s atractivo y estamos seguros que as\u00ed seguir\u00e1 siendo.<\/span><\/p>\n","protected":false},"excerpt":{"rendered":"<p>Los primeros autom\u00f3viles de la historia fueron todo, menos perfectos; casi al mismo tiempo que comenzaron a rodar tuvieron problemas y tuvo que nacer la mec\u00e1nica automotriz. &nbsp; La curiosidad y creatividad de las mujeres han dejado huella en diferentes \u00e1reas, y el mundo de&#8230;<\/p>\n","protected":false},"author":1,"featured_media":1415,"parent":0,"menu_order":0,"comment_status":"closed","ping_status":"closed","template":"","meta":{"footnotes":""},"class_list":["post-1414","page","type-page","status-publish","has-post-thumbnail","hentry"],"_links":{"self":[{"href":"https:\/\/chevroletriogrande.com\/blog\/wp-json\/wp\/v2\/pages\/1414","targetHints":{"allow":["GET"]}}],"collection":[{"href":"https:\/\/chevroletriogrande.com\/blog\/wp-json\/wp\/v2\/pages"}],"about":[{"href":"https:\/\/chevroletriogrande.com\/blog\/wp-json\/wp\/v2\/types\/page"}],"author":[{"embeddable":true,"href":"https:\/\/chevroletriogrande.com\/blog\/wp-json\/wp\/v2\/users\/1"}],"replies":[{"embeddable":true,"href":"https:\/\/chevroletriogrande.com\/blog\/wp-json\/wp\/v2\/comments?post=1414"}],"version-history":[{"count":1,"href":"https:\/\/chevroletriogrande.com\/blog\/wp-json\/wp\/v2\/pages\/1414\/revisions"}],"predecessor-version":[{"id":1416,"href":"https:\/\/chevroletriogrande.com\/blog\/wp-json\/wp\/v2\/pages\/1414\/revisions\/1416"}],"wp:featuredmedia":[{"embeddable":true,"href":"https:\/\/chevroletriogrande.com\/blog\/wp-json\/wp\/v2\/media\/1415"}],"wp:attachment":[{"href":"https:\/\/chevroletriogrande.com\/blog\/wp-json\/wp\/v2\/media?parent=1414"}],"curies":[{"name":"wp","href":"https:\/\/api.w.org\/{rel}","templated":true}]}}